{"id":2335,"date":"2024-11-20T19:03:11","date_gmt":"2024-11-20T19:03:11","guid":{"rendered":"https:\/\/riocristal.cl\/agua_purificada\/?page_id=2335"},"modified":"2025-07-02T20:40:58","modified_gmt":"2025-07-02T20:40:58","slug":"calidad","status":"publish","type":"page","link":"https:\/\/riocristal.cl\/agua_purificada\/calidad\/","title":{"rendered":"CALIDAD"},"content":{"rendered":"\t\t<div data-elementor-type=\"wp-page\" data-elementor-id=\"2335\" class=\"elementor elementor-2335\">\n\t\t\t\t\t\t<section class=\"elementor-section elementor-top-section elementor-element elementor-element-6def0c7 elementor-section-boxed elementor-section-height-default elementor-section-height-default wpr-particle-no wpr-jarallax-no wpr-parallax-no wpr-sticky-section-no wpr-equal-height-no\" data-id=\"6def0c7\" data-element_type=\"section\" data-e-type=\"section\">\n\t\t\t\t\t\t<div class=\"elementor-container elementor-column-gap-default\">\n\t\t\t\t\t<div class=\"aux-parallax-section elementor-column elementor-col-50 elementor-top-column elementor-element elementor-element-af75dec\" data-id=\"af75dec\" data-element_type=\"column\" data-e-type=\"column\">\n\t\t\t<div class=\"elementor-widget-wrap elementor-element-populated\">\n\t\t\t\t\t\t<div class=\"elementor-element elementor-element-6001332 elementor-widget__width-initial elementor-widget elementor-widget-heading\" data-id=\"6001332\" data-element_type=\"widget\" data-e-type=\"widget\" data-widget_type=\"heading.default\">\n\t\t\t\t<div class=\"elementor-widget-container\">\n\t\t\t\t\t<span class=\"elementor-heading-title elementor-size-default\">N<b>uestro principal motivador es conducir la operaci\u00f3n<\/b> <b>de nuestra empresa al cumplimiento de est\u00e1ndares de calidad potenciado por un moderno sistema de p<\/b>roducci\u00f3n y con trabajadores comprometidos con nuestros principios.<\/span>\t\t\t\t<\/div>\n\t\t\t\t<\/div>\n\t\t\t\t<div class=\"elementor-element elementor-element-3eba1dd elementor-widget__width-initial elementor-widget elementor-widget-heading\" data-id=\"3eba1dd\" data-element_type=\"widget\" data-e-type=\"widget\" data-widget_type=\"heading.default\">\n\t\t\t\t<div class=\"elementor-widget-container\">\n\t\t\t\t\t<span class=\"elementor-heading-title elementor-size-default\"><b>En Rio Cristal sabemos lo importante que es para nuestros clientes poder abastarse de productos de alta calidad<\/b>, es por eso que contamos con un laboratorio propio para el an\u00e1lisis de nuestros productos, operado por personal calificado y capacitado en la ingenier\u00eda de alimentos. <\/span>\t\t\t\t<\/div>\n\t\t\t\t<\/div>\n\t\t\t\t<div class=\"elementor-element elementor-element-01a7467 elementor-widget__width-initial elementor-widget elementor-widget-heading\" data-id=\"01a7467\" data-element_type=\"widget\" data-e-type=\"widget\" data-widget_type=\"heading.default\">\n\t\t\t\t<div class=\"elementor-widget-container\">\n\t\t\t\t\t<span class=\"elementor-heading-title elementor-size-default\"><b>Nuestros exigentes procesos de producci\u00f3n y la operaci\u00f3n de nuestra empresa,<\/b> responden fielmente a la confianza que nos entregan nuestros clientes, siendo nuestra principal tarea responder con lealtad y responsabilidad.<\/span>\t\t\t\t<\/div>\n\t\t\t\t<\/div>\n\t\t\t\t<div class=\"elementor-element elementor-element-acbc582 elementor-widget__width-initial elementor-widget elementor-widget-heading\" data-id=\"acbc582\" data-element_type=\"widget\" data-e-type=\"widget\" data-widget_type=\"heading.default\">\n\t\t\t\t<div class=\"elementor-widget-container\">\n\t\t\t\t\t<span class=\"elementor-heading-title elementor-size-default\">Adem\u00e1s, somos auditados anualmente por empresas nacionales e internacionales  por encargo de nuestros mandantes, obteniendo altos resultados de calidad de producto y operaci\u00f3n.\n\n<\/span>\t\t\t\t<\/div>\n\t\t\t\t<\/div>\n\t\t\t\t\t<\/div>\n\t\t<\/div>\n\t\t\t\t<div class=\"aux-parallax-section elementor-column elementor-col-50 elementor-top-column elementor-element elementor-element-35ff6be\" data-id=\"35ff6be\" data-element_type=\"column\" data-e-type=\"column\">\n\t\t\t<div class=\"elementor-widget-wrap elementor-element-populated\">\n\t\t\t\t\t\t<div class=\"elementor-element elementor-element-2f9c4c1 elementor-widget elementor-widget-image\" data-id=\"2f9c4c1\" data-element_type=\"widget\" data-e-type=\"widget\" data-widget_type=\"image.default\">\n\t\t\t\t<div class=\"elementor-widget-container\">\n\t\t\t\t\t\t\t\t\t\t\t\t\t\t\t<img fetchpriority=\"high\" decoding=\"async\" width=\"1431\" height=\"801\" src=\"https:\/\/riocristal.cl\/agua_purificada\/wp-content\/uploads\/2024\/11\/Captura-de-Pantalla-2024-11-14-a-las-10.52.14.png\" class=\"attachment-full size-full wp-image-2300\" alt=\"\" \/>\t\t\t\t\t\t\t\t\t\t\t\t\t\t\t<\/div>\n\t\t\t\t<\/div>\n\t\t\t\t\t<\/div>\n\t\t<\/div>\n\t\t\t\t\t<\/div>\n\t\t<\/section>\n\t\t\t\t<\/div>\n\t\t","protected":false},"excerpt":{"rendered":"<p>Nuestro principal motivador es conducir la operaci\u00f3n de nuestra empresa al cumplimiento de est\u00e1ndares de calidad potenciado por un moderno sistema de producci\u00f3n y con trabajadores comprometidos con nuestros principios. En Rio Cristal sabemos lo importante que es para nuestros clientes poder abastarse de productos de alta calidad, es por eso que contamos con un laboratorio propio para el an\u00e1lisis de nuestros productos, operado por personal calificado y capacitado en la ingenier\u00eda de alimentos. Nuestros exigentes procesos de producci\u00f3n y la operaci\u00f3n de nuestra empresa, responden fielmente a la confianza que nos entregan nuestros clientes, siendo nuestra principal tarea responder con lealtad y responsabilidad. Adem\u00e1s, somos auditados anualmente por empresas nacionales e internacionales por encargo de nuestros mandantes, obteniendo altos resultados de calidad de producto y operaci\u00f3n.<\/p>\n","protected":false},"author":1,"featured_media":0,"parent":0,"menu_order":0,"comment_status":"closed","ping_status":"closed","template":"","meta":{"footnotes":""},"class_list":["post-2335","page","type-page","status-publish","hentry"],"yoast_head":"<!-- This site is optimized with the Yoast SEO plugin v27.4 - https:\/\/yoast.com\/product\/yoast-seo-wordpress\/ -->\n<title>CALIDAD - Agua Purificada R\u00edo Cristal Spa<\/title>\n<meta name=\"robots\" content=\"index, follow, max-snippet:-1, max-image-preview:large, max-video-preview:-1\" \/>\n<link rel=\"canonical\" href=\"https:\/\/riocristal.cl\/agua_purificada\/calidad\/\" \/>\n<meta property=\"og:locale\" content=\"es_ES\" \/>\n<meta property=\"og:type\" content=\"article\" \/>\n<meta property=\"og:title\" content=\"CALIDAD - Agua Purificada R\u00edo Cristal Spa\" \/>\n<meta property=\"og:description\" content=\"Nuestro principal motivador es conducir la operaci\u00f3n de nuestra empresa al cumplimiento de est\u00e1ndares de calidad potenciado por un moderno sistema de producci\u00f3n y con trabajadores comprometidos con nuestros principios. En Rio Cristal sabemos lo importante que es para nuestros clientes poder abastarse de productos de alta calidad, es por eso que contamos con un laboratorio propio para el an\u00e1lisis de nuestros productos, operado por personal calificado y capacitado en la ingenier\u00eda de alimentos. Nuestros exigentes procesos de producci\u00f3n y la operaci\u00f3n de nuestra empresa, responden fielmente a la confianza que nos entregan nuestros clientes, siendo nuestra principal tarea responder con lealtad y responsabilidad. Adem\u00e1s, somos auditados anualmente por empresas nacionales e internacionales por encargo de nuestros mandantes, obteniendo altos resultados de calidad de producto y operaci\u00f3n.\" \/>\n<meta property=\"og:url\" content=\"https:\/\/riocristal.cl\/agua_purificada\/calidad\/\" \/>\n<meta property=\"og:site_name\" content=\"Agua Purificada R\u00edo Cristal Spa\" \/>\n<meta property=\"article:modified_time\" content=\"2025-07-02T20:40:58+00:00\" \/>\n<meta property=\"og:image\" content=\"https:\/\/riocristal.cl\/agua_purificada\/wp-content\/uploads\/2024\/11\/Captura-de-Pantalla-2024-11-14-a-las-10.52.14.png\" \/>\n<meta name=\"twitter:card\" content=\"summary_large_image\" \/>\n<meta name=\"twitter:label1\" content=\"Tiempo estimado de lectura\" \/>\n\t<meta name=\"twitter:data1\" content=\"1 minuto\" \/>\n<script type=\"application\/ld+json\" class=\"yoast-schema-graph\">{\"@context\":\"https:\\\/\\\/schema.org\",\"@graph\":[{\"@type\":\"WebPage\",\"@id\":\"https:\\\/\\\/riocristal.cl\\\/agua_purificada\\\/calidad\\\/\",\"url\":\"https:\\\/\\\/riocristal.cl\\\/agua_purificada\\\/calidad\\\/\",\"name\":\"CALIDAD - Agua Purificada R\u00edo Cristal Spa\",\"isPartOf\":{\"@id\":\"https:\\\/\\\/riocristal.cl\\\/agua_purificada\\\/#website\"},\"primaryImageOfPage\":{\"@id\":\"https:\\\/\\\/riocristal.cl\\\/agua_purificada\\\/calidad\\\/#primaryimage\"},\"image\":{\"@id\":\"https:\\\/\\\/riocristal.cl\\\/agua_purificada\\\/calidad\\\/#primaryimage\"},\"thumbnailUrl\":\"https:\\\/\\\/riocristal.cl\\\/agua_purificada\\\/wp-content\\\/uploads\\\/2024\\\/11\\\/Captura-de-Pantalla-2024-11-14-a-las-10.52.14.png\",\"datePublished\":\"2024-11-20T19:03:11+00:00\",\"dateModified\":\"2025-07-02T20:40:58+00:00\",\"breadcrumb\":{\"@id\":\"https:\\\/\\\/riocristal.cl\\\/agua_purificada\\\/calidad\\\/#breadcrumb\"},\"inLanguage\":\"es-CL\",\"potentialAction\":[{\"@type\":\"ReadAction\",\"target\":[\"https:\\\/\\\/riocristal.cl\\\/agua_purificada\\\/calidad\\\/\"]}]},{\"@type\":\"ImageObject\",\"inLanguage\":\"es-CL\",\"@id\":\"https:\\\/\\\/riocristal.cl\\\/agua_purificada\\\/calidad\\\/#primaryimage\",\"url\":\"https:\\\/\\\/riocristal.cl\\\/agua_purificada\\\/wp-content\\\/uploads\\\/2024\\\/11\\\/Captura-de-Pantalla-2024-11-14-a-las-10.52.14.png\",\"contentUrl\":\"https:\\\/\\\/riocristal.cl\\\/agua_purificada\\\/wp-content\\\/uploads\\\/2024\\\/11\\\/Captura-de-Pantalla-2024-11-14-a-las-10.52.14.png\",\"width\":1431,\"height\":801},{\"@type\":\"BreadcrumbList\",\"@id\":\"https:\\\/\\\/riocristal.cl\\\/agua_purificada\\\/calidad\\\/#breadcrumb\",\"itemListElement\":[{\"@type\":\"ListItem\",\"position\":1,\"name\":\"Portada\",\"item\":\"https:\\\/\\\/riocristal.cl\\\/agua_purificada\\\/\"},{\"@type\":\"ListItem\",\"position\":2,\"name\":\"CALIDAD\"}]},{\"@type\":\"WebSite\",\"@id\":\"https:\\\/\\\/riocristal.cl\\\/agua_purificada\\\/#website\",\"url\":\"https:\\\/\\\/riocristal.cl\\\/agua_purificada\\\/\",\"name\":\"Agua Purificada R\u00edo Cristal Spa\",\"description\":\"Siempre es tiempo de Agua\",\"publisher\":{\"@id\":\"https:\\\/\\\/riocristal.cl\\\/agua_purificada\\\/#organization\"},\"potentialAction\":[{\"@type\":\"SearchAction\",\"target\":{\"@type\":\"EntryPoint\",\"urlTemplate\":\"https:\\\/\\\/riocristal.cl\\\/agua_purificada\\\/?s={search_term_string}\"},\"query-input\":{\"@type\":\"PropertyValueSpecification\",\"valueRequired\":true,\"valueName\":\"search_term_string\"}}],\"inLanguage\":\"es-CL\"},{\"@type\":\"Organization\",\"@id\":\"https:\\\/\\\/riocristal.cl\\\/agua_purificada\\\/#organization\",\"name\":\"Agua Purificada R\u00edo Cristal Spa\",\"url\":\"https:\\\/\\\/riocristal.cl\\\/agua_purificada\\\/\",\"logo\":{\"@type\":\"ImageObject\",\"inLanguage\":\"es-CL\",\"@id\":\"https:\\\/\\\/riocristal.cl\\\/agua_purificada\\\/#\\\/schema\\\/logo\\\/image\\\/\",\"url\":\"https:\\\/\\\/riocristal.cl\\\/agua_purificada\\\/wp-content\\\/uploads\\\/2025\\\/07\\\/cropped-logo_header_rio_cristal_2025-1.png\",\"contentUrl\":\"https:\\\/\\\/riocristal.cl\\\/agua_purificada\\\/wp-content\\\/uploads\\\/2025\\\/07\\\/cropped-logo_header_rio_cristal_2025-1.png\",\"width\":300,\"height\":85,\"caption\":\"Agua Purificada R\u00edo Cristal Spa\"},\"image\":{\"@id\":\"https:\\\/\\\/riocristal.cl\\\/agua_purificada\\\/#\\\/schema\\\/logo\\\/image\\\/\"},\"sameAs\":[\"https:\\\/\\\/www.instagram.com\\\/aguariocristal\"]}]}<\/script>\n<!-- \/ Yoast SEO plugin. -->","yoast_head_json":{"title":"CALIDAD - Agua Purificada R\u00edo Cristal Spa","robots":{"index":"index","follow":"follow","max-snippet":"max-snippet:-1","max-image-preview":"max-image-preview:large","max-video-preview":"max-video-preview:-1"},"canonical":"https:\/\/riocristal.cl\/agua_purificada\/calidad\/","og_locale":"es_ES","og_type":"article","og_title":"CALIDAD - Agua Purificada R\u00edo Cristal Spa","og_description":"Nuestro principal motivador es conducir la operaci\u00f3n de nuestra empresa al cumplimiento de est\u00e1ndares de calidad potenciado por un moderno sistema de producci\u00f3n y con trabajadores comprometidos con nuestros principios. En Rio Cristal sabemos lo importante que es para nuestros clientes poder abastarse de productos de alta calidad, es por eso que contamos con un laboratorio propio para el an\u00e1lisis de nuestros productos, operado por personal calificado y capacitado en la ingenier\u00eda de alimentos. Nuestros exigentes procesos de producci\u00f3n y la operaci\u00f3n de nuestra empresa, responden fielmente a la confianza que nos entregan nuestros clientes, siendo nuestra principal tarea responder con lealtad y responsabilidad. Adem\u00e1s, somos auditados anualmente por empresas nacionales e internacionales por encargo de nuestros mandantes, obteniendo altos resultados de calidad de producto y operaci\u00f3n.","og_url":"https:\/\/riocristal.cl\/agua_purificada\/calidad\/","og_site_name":"Agua Purificada R\u00edo Cristal Spa","article_modified_time":"2025-07-02T20:40:58+00:00","og_image":[{"url":"https:\/\/riocristal.cl\/agua_purificada\/wp-content\/uploads\/2024\/11\/Captura-de-Pantalla-2024-11-14-a-las-10.52.14.png","type":"","width":"","height":""}],"twitter_card":"summary_large_image","twitter_misc":{"Tiempo estimado de lectura":"1 minuto"},"schema":{"@context":"https:\/\/schema.org","@graph":[{"@type":"WebPage","@id":"https:\/\/riocristal.cl\/agua_purificada\/calidad\/","url":"https:\/\/riocristal.cl\/agua_purificada\/calidad\/","name":"CALIDAD - Agua Purificada R\u00edo Cristal Spa","isPartOf":{"@id":"https:\/\/riocristal.cl\/agua_purificada\/#website"},"primaryImageOfPage":{"@id":"https:\/\/riocristal.cl\/agua_purificada\/calidad\/#primaryimage"},"image":{"@id":"https:\/\/riocristal.cl\/agua_purificada\/calidad\/#primaryimage"},"thumbnailUrl":"https:\/\/riocristal.cl\/agua_purificada\/wp-content\/uploads\/2024\/11\/Captura-de-Pantalla-2024-11-14-a-las-10.52.14.png","datePublished":"2024-11-20T19:03:11+00:00","dateModified":"2025-07-02T20:40:58+00:00","breadcrumb":{"@id":"https:\/\/riocristal.cl\/agua_purificada\/calidad\/#breadcrumb"},"inLanguage":"es-CL","potentialAction":[{"@type":"ReadAction","target":["https:\/\/riocristal.cl\/agua_purificada\/calidad\/"]}]},{"@type":"ImageObject","inLanguage":"es-CL","@id":"https:\/\/riocristal.cl\/agua_purificada\/calidad\/#primaryimage","url":"https:\/\/riocristal.cl\/agua_purificada\/wp-content\/uploads\/2024\/11\/Captura-de-Pantalla-2024-11-14-a-las-10.52.14.png","contentUrl":"https:\/\/riocristal.cl\/agua_purificada\/wp-content\/uploads\/2024\/11\/Captura-de-Pantalla-2024-11-14-a-las-10.52.14.png","width":1431,"height":801},{"@type":"BreadcrumbList","@id":"https:\/\/riocristal.cl\/agua_purificada\/calidad\/#breadcrumb","itemListElement":[{"@type":"ListItem","position":1,"name":"Portada","item":"https:\/\/riocristal.cl\/agua_purificada\/"},{"@type":"ListItem","position":2,"name":"CALIDAD"}]},{"@type":"WebSite","@id":"https:\/\/riocristal.cl\/agua_purificada\/#website","url":"https:\/\/riocristal.cl\/agua_purificada\/","name":"Agua Purificada R\u00edo Cristal Spa","description":"Siempre es tiempo de Agua","publisher":{"@id":"https:\/\/riocristal.cl\/agua_purificada\/#organization"},"potentialAction":[{"@type":"SearchAction","target":{"@type":"EntryPoint","urlTemplate":"https:\/\/riocristal.cl\/agua_purificada\/?s={search_term_string}"},"query-input":{"@type":"PropertyValueSpecification","valueRequired":true,"valueName":"search_term_string"}}],"inLanguage":"es-CL"},{"@type":"Organization","@id":"https:\/\/riocristal.cl\/agua_purificada\/#organization","name":"Agua Purificada R\u00edo Cristal Spa","url":"https:\/\/riocristal.cl\/agua_purificada\/","logo":{"@type":"ImageObject","inLanguage":"es-CL","@id":"https:\/\/riocristal.cl\/agua_purificada\/#\/schema\/logo\/image\/","url":"https:\/\/riocristal.cl\/agua_purificada\/wp-content\/uploads\/2025\/07\/cropped-logo_header_rio_cristal_2025-1.png","contentUrl":"https:\/\/riocristal.cl\/agua_purificada\/wp-content\/uploads\/2025\/07\/cropped-logo_header_rio_cristal_2025-1.png","width":300,"height":85,"caption":"Agua Purificada R\u00edo Cristal Spa"},"image":{"@id":"https:\/\/riocristal.cl\/agua_purificada\/#\/schema\/logo\/image\/"},"sameAs":["https:\/\/www.instagram.com\/aguariocristal"]}]}},"_links":{"self":[{"href":"https:\/\/riocristal.cl\/agua_purificada\/wp-json\/wp\/v2\/pages\/2335","targetHints":{"allow":["GET"]}}],"collection":[{"href":"https:\/\/riocristal.cl\/agua_purificada\/wp-json\/wp\/v2\/pages"}],"about":[{"href":"https:\/\/riocristal.cl\/agua_purificada\/wp-json\/wp\/v2\/types\/page"}],"author":[{"embeddable":true,"href":"https:\/\/riocristal.cl\/agua_purificada\/wp-json\/wp\/v2\/users\/1"}],"replies":[{"embeddable":true,"href":"https:\/\/riocristal.cl\/agua_purificada\/wp-json\/wp\/v2\/comments?post=2335"}],"version-history":[{"count":40,"href":"https:\/\/riocristal.cl\/agua_purificada\/wp-json\/wp\/v2\/pages\/2335\/revisions"}],"predecessor-version":[{"id":2730,"href":"https:\/\/riocristal.cl\/agua_purificada\/wp-json\/wp\/v2\/pages\/2335\/revisions\/2730"}],"wp:attachment":[{"href":"https:\/\/riocristal.cl\/agua_purificada\/wp-json\/wp\/v2\/media?parent=2335"}],"curies":[{"name":"wp","href":"https:\/\/api.w.org\/{rel}","templated":true}]}}